{"id":23,"date":"2019-05-31T09:36:00","date_gmt":"2019-05-31T12:36:00","guid":{"rendered":"http:\/\/bellacasaconstrutora.com.br\/novo\/?page_id=23"},"modified":"2024-01-24T10:49:42","modified_gmt":"2024-01-24T13:49:42","slug":"casas-alvenaria","status":"publish","type":"page","link":"https:\/\/bellacasaconstrutora.com.br\/novo\/index.php\/casas-alvenaria\/","title":{"rendered":"Casas em Alvenaria"},"content":{"rendered":"\n<p><strong>Alvenaria, uma solu\u00e7\u00e3o tradicional e duradoura<\/strong><\/p>\n\n\n\n<p align=\"justify\"> &nbsp;&nbsp;&nbsp;&nbsp;&nbsp;&nbsp;&nbsp;&nbsp;&nbsp;&nbsp;&nbsp;&nbsp;&nbsp;&nbsp;&nbsp;A alvenaria \u00e9 um dos tipos mais seguros de constru\u00e7\u00e3o e \u00e9 perfeita para quem sonha em ter uma casa moderna, que pode seguir tanto uma linha tradicional e cl\u00e1ssica, quanto um modelo mais r\u00fastico.<\/p>\n\n\n\n<p align=\"justify\"> &nbsp;&nbsp;&nbsp;&nbsp;&nbsp;&nbsp;&nbsp;&nbsp;&nbsp;&nbsp;&nbsp;&nbsp;&nbsp;&nbsp;&nbsp;&nbsp;A Bella Casa Construtora inova e domina todas as etapas de constru\u00e7\u00e3o das casas, sendo que a obra pode ser iniciada na mesma semana da assinatura do contrato .<\/p>\n\t<p align=\"justify\"> &nbsp;&nbsp;&nbsp;&nbsp;&nbsp;&nbsp;&nbsp;&nbsp;&nbsp;&nbsp;&nbsp;&nbsp;&nbsp;&nbsp;&nbsp; Nas casas de alvenaria constru\u00eddas com laje pr\u00e9-moldada, podem ser utilizadas placas de isopor que substituem as tradicionais lajotas de barro, agredindo menos o solo em fun\u00e7\u00e3o do seu peso ser menor, e nos casos de dois pavimentos proporciona uma melhor ac\u00fastica, dando mais agilidade ao processo construtivo. Outra op\u00e7\u00e3o \u00e9 o telhamento em madeira, com telhas de barro ou esmaltadas. <\/p>\n\n\n\n<p>&nbsp;&nbsp;&nbsp;&nbsp;&nbsp;&nbsp;&nbsp;&nbsp;&nbsp;&nbsp;&nbsp;&nbsp;&nbsp;&nbsp;&nbsp; O prazo para casas de alvenaria\nleva em torno de 50% a mais do tempo das casas de madeira. <\/p>\n\n\n\n<p class=\"has-text-align-justify\">&nbsp;&nbsp;&nbsp;&nbsp;&nbsp;&nbsp;&nbsp;&nbsp;&nbsp;&nbsp;&nbsp;&nbsp;&nbsp;&nbsp;&nbsp; Todas as nossas casas v\u00eam com: piso cer\u00e2mico para toda a extens\u00e3o interna da casa, varadas e garagens, banheiro azulejado at\u00e9 o teto nas quatro paredes, com pia tipo balc\u00e3o com espelho (os azulejos da casa e do banheiro s\u00e3o escolhidos pelo cliente), e vaso sanit\u00e1rio com caixa acoplada. A casa \u00e9 entregue com vidros instalados, el\u00e9trica e hidr\u00e1ulica interna (com espera para liga\u00e7\u00e3o com a rede p\u00fablica), caixa de \u00e1gua, fossa, sumidouro ou biodigestor.<\/p>\n\n\n\n<p>Construa seu sonho em bases s\u00f3lidas: Casas de alvenaria personalizadas para voc\u00ea!<\/p>\n","protected":false},"excerpt":{"rendered":"<p>Alvenaria, uma solu\u00e7\u00e3o tradicional e duradoura &nbsp;&nbsp;&nbsp;&nbsp;&nbsp;&nbsp;&nbsp;&nbsp;&nbsp;&nbsp;&nbsp;&nbsp;&nbsp;&nbsp;&nbsp;A alvenaria \u00e9 um dos tipos mais seguros de constru\u00e7\u00e3o e \u00e9 perfeita para quem sonha em ter uma casa moderna, que pode seguir tanto uma linha tradicional e cl\u00e1ssica, quanto um modelo mais r\u00fastico. &nbsp;&nbsp;&nbsp;&nbsp;&nbsp;&nbsp;&nbsp;&nbsp;&nbsp;&nbsp;&nbsp;&nbsp;&nbsp;&nbsp;&nbsp;&nbsp;A Bella Casa Construtora inova e domina todas as etapas de constru\u00e7\u00e3o das casas, [&hellip;]<\/p>\n","protected":false},"author":1,"featured_media":0,"parent":0,"menu_order":0,"comment_status":"closed","ping_status":"closed","template":"","meta":{"footnotes":""},"class_list":["post-23","page","type-page","status-publish","hentry"],"yoast_head":"<!-- This site is optimized with the Yoast SEO plugin v27.4 - https:\/\/yoast.com\/product\/yoast-seo-wordpress\/ -->\n<title>Casas em Alvenaria - Bella Casa Construtora<\/title>\n<meta name=\"robots\" content=\"index, follow, max-snippet:-1, max-image-preview:large, max-video-preview:-1\" \/>\n<link rel=\"canonical\" href=\"https:\/\/bellacasaconstrutora.com.br\/novo\/index.php\/casas-alvenaria\/\" \/>\n<meta property=\"og:locale\" content=\"pt_BR\" \/>\n<meta property=\"og:type\" content=\"article\" \/>\n<meta property=\"og:title\" content=\"Casas em Alvenaria - Bella Casa Construtora\" \/>\n<meta property=\"og:description\" content=\"Alvenaria, uma solu\u00e7\u00e3o tradicional e duradoura &nbsp;&nbsp;&nbsp;&nbsp;&nbsp;&nbsp;&nbsp;&nbsp;&nbsp;&nbsp;&nbsp;&nbsp;&nbsp;&nbsp;&nbsp;A alvenaria \u00e9 um dos tipos mais seguros de constru\u00e7\u00e3o e \u00e9 perfeita para quem sonha em ter uma casa moderna, que pode seguir tanto uma linha tradicional e cl\u00e1ssica, quanto um modelo mais r\u00fastico. &nbsp;&nbsp;&nbsp;&nbsp;&nbsp;&nbsp;&nbsp;&nbsp;&nbsp;&nbsp;&nbsp;&nbsp;&nbsp;&nbsp;&nbsp;&nbsp;A Bella Casa Construtora inova e domina todas as etapas de constru\u00e7\u00e3o das casas, [&hellip;]\" \/>\n<meta property=\"og:url\" content=\"https:\/\/bellacasaconstrutora.com.br\/novo\/index.php\/casas-alvenaria\/\" \/>\n<meta property=\"og:site_name\" content=\"Bella Casa Construtora\" \/>\n<meta property=\"article:publisher\" content=\"https:\/\/www.facebook.com\/construtorabellacasa\" \/>\n<meta property=\"article:modified_time\" content=\"2024-01-24T13:49:42+00:00\" \/>\n<meta name=\"twitter:card\" content=\"summary_large_image\" \/>\n<meta name=\"twitter:label1\" content=\"Est. tempo de leitura\" \/>\n\t<meta name=\"twitter:data1\" content=\"2 minutos\" \/>\n<script type=\"application\/ld+json\" class=\"yoast-schema-graph\">{\"@context\":\"https:\\\/\\\/schema.org\",\"@graph\":[{\"@type\":\"WebPage\",\"@id\":\"https:\\\/\\\/bellacasaconstrutora.com.br\\\/novo\\\/index.php\\\/casas-alvenaria\\\/\",\"url\":\"https:\\\/\\\/bellacasaconstrutora.com.br\\\/novo\\\/index.php\\\/casas-alvenaria\\\/\",\"name\":\"Casas em Alvenaria - Bella Casa Construtora\",\"isPartOf\":{\"@id\":\"https:\\\/\\\/bellacasaconstrutora.com.br\\\/novo\\\/#website\"},\"datePublished\":\"2019-05-31T12:36:00+00:00\",\"dateModified\":\"2024-01-24T13:49:42+00:00\",\"breadcrumb\":{\"@id\":\"https:\\\/\\\/bellacasaconstrutora.com.br\\\/novo\\\/index.php\\\/casas-alvenaria\\\/#breadcrumb\"},\"inLanguage\":\"pt-BR\",\"potentialAction\":[{\"@type\":\"ReadAction\",\"target\":[\"https:\\\/\\\/bellacasaconstrutora.com.br\\\/novo\\\/index.php\\\/casas-alvenaria\\\/\"]}]},{\"@type\":\"BreadcrumbList\",\"@id\":\"https:\\\/\\\/bellacasaconstrutora.com.br\\\/novo\\\/index.php\\\/casas-alvenaria\\\/#breadcrumb\",\"itemListElement\":[{\"@type\":\"ListItem\",\"position\":1,\"name\":\"In\u00edcio\",\"item\":\"https:\\\/\\\/bellacasaconstrutora.com.br\\\/novo\\\/\"},{\"@type\":\"ListItem\",\"position\":2,\"name\":\"Casas em Alvenaria\"}]},{\"@type\":\"WebSite\",\"@id\":\"https:\\\/\\\/bellacasaconstrutora.com.br\\\/novo\\\/#website\",\"url\":\"https:\\\/\\\/bellacasaconstrutora.com.br\\\/novo\\\/\",\"name\":\"Bella Casa Construtora\",\"description\":\"\",\"publisher\":{\"@id\":\"https:\\\/\\\/bellacasaconstrutora.com.br\\\/novo\\\/#organization\"},\"potentialAction\":[{\"@type\":\"SearchAction\",\"target\":{\"@type\":\"EntryPoint\",\"urlTemplate\":\"https:\\\/\\\/bellacasaconstrutora.com.br\\\/novo\\\/?s={search_term_string}\"},\"query-input\":{\"@type\":\"PropertyValueSpecification\",\"valueRequired\":true,\"valueName\":\"search_term_string\"}}],\"inLanguage\":\"pt-BR\"},{\"@type\":\"Organization\",\"@id\":\"https:\\\/\\\/bellacasaconstrutora.com.br\\\/novo\\\/#organization\",\"name\":\"Bella Casa Construtora\",\"url\":\"https:\\\/\\\/bellacasaconstrutora.com.br\\\/novo\\\/\",\"logo\":{\"@type\":\"ImageObject\",\"inLanguage\":\"pt-BR\",\"@id\":\"https:\\\/\\\/bellacasaconstrutora.com.br\\\/novo\\\/#\\\/schema\\\/logo\\\/image\\\/\",\"url\":\"https:\\\/\\\/bellacasaconstrutora.com.br\\\/novo\\\/wp-content\\\/uploads\\\/2019\\\/05\\\/cropped-logo-header.png\",\"contentUrl\":\"https:\\\/\\\/bellacasaconstrutora.com.br\\\/novo\\\/wp-content\\\/uploads\\\/2019\\\/05\\\/cropped-logo-header.png\",\"width\":190,\"height\":126,\"caption\":\"Bella Casa Construtora\"},\"image\":{\"@id\":\"https:\\\/\\\/bellacasaconstrutora.com.br\\\/novo\\\/#\\\/schema\\\/logo\\\/image\\\/\"},\"sameAs\":[\"https:\\\/\\\/www.facebook.com\\\/construtorabellacasa\",\"https:\\\/\\\/www.instagram.com\\\/bellacasaconstrutora\\\/\"]}]}<\/script>\n<!-- \/ Yoast SEO plugin. -->","yoast_head_json":{"title":"Casas em Alvenaria - Bella Casa Construtora","robots":{"index":"index","follow":"follow","max-snippet":"max-snippet:-1","max-image-preview":"max-image-preview:large","max-video-preview":"max-video-preview:-1"},"canonical":"https:\/\/bellacasaconstrutora.com.br\/novo\/index.php\/casas-alvenaria\/","og_locale":"pt_BR","og_type":"article","og_title":"Casas em Alvenaria - Bella Casa Construtora","og_description":"Alvenaria, uma solu\u00e7\u00e3o tradicional e duradoura &nbsp;&nbsp;&nbsp;&nbsp;&nbsp;&nbsp;&nbsp;&nbsp;&nbsp;&nbsp;&nbsp;&nbsp;&nbsp;&nbsp;&nbsp;A alvenaria \u00e9 um dos tipos mais seguros de constru\u00e7\u00e3o e \u00e9 perfeita para quem sonha em ter uma casa moderna, que pode seguir tanto uma linha tradicional e cl\u00e1ssica, quanto um modelo mais r\u00fastico. &nbsp;&nbsp;&nbsp;&nbsp;&nbsp;&nbsp;&nbsp;&nbsp;&nbsp;&nbsp;&nbsp;&nbsp;&nbsp;&nbsp;&nbsp;&nbsp;A Bella Casa Construtora inova e domina todas as etapas de constru\u00e7\u00e3o das casas, [&hellip;]","og_url":"https:\/\/bellacasaconstrutora.com.br\/novo\/index.php\/casas-alvenaria\/","og_site_name":"Bella Casa Construtora","article_publisher":"https:\/\/www.facebook.com\/construtorabellacasa","article_modified_time":"2024-01-24T13:49:42+00:00","twitter_card":"summary_large_image","twitter_misc":{"Est. tempo de leitura":"2 minutos"},"schema":{"@context":"https:\/\/schema.org","@graph":[{"@type":"WebPage","@id":"https:\/\/bellacasaconstrutora.com.br\/novo\/index.php\/casas-alvenaria\/","url":"https:\/\/bellacasaconstrutora.com.br\/novo\/index.php\/casas-alvenaria\/","name":"Casas em Alvenaria - Bella Casa Construtora","isPartOf":{"@id":"https:\/\/bellacasaconstrutora.com.br\/novo\/#website"},"datePublished":"2019-05-31T12:36:00+00:00","dateModified":"2024-01-24T13:49:42+00:00","breadcrumb":{"@id":"https:\/\/bellacasaconstrutora.com.br\/novo\/index.php\/casas-alvenaria\/#breadcrumb"},"inLanguage":"pt-BR","potentialAction":[{"@type":"ReadAction","target":["https:\/\/bellacasaconstrutora.com.br\/novo\/index.php\/casas-alvenaria\/"]}]},{"@type":"BreadcrumbList","@id":"https:\/\/bellacasaconstrutora.com.br\/novo\/index.php\/casas-alvenaria\/#breadcrumb","itemListElement":[{"@type":"ListItem","position":1,"name":"In\u00edcio","item":"https:\/\/bellacasaconstrutora.com.br\/novo\/"},{"@type":"ListItem","position":2,"name":"Casas em Alvenaria"}]},{"@type":"WebSite","@id":"https:\/\/bellacasaconstrutora.com.br\/novo\/#website","url":"https:\/\/bellacasaconstrutora.com.br\/novo\/","name":"Bella Casa Construtora","description":"","publisher":{"@id":"https:\/\/bellacasaconstrutora.com.br\/novo\/#organization"},"potentialAction":[{"@type":"SearchAction","target":{"@type":"EntryPoint","urlTemplate":"https:\/\/bellacasaconstrutora.com.br\/novo\/?s={search_term_string}"},"query-input":{"@type":"PropertyValueSpecification","valueRequired":true,"valueName":"search_term_string"}}],"inLanguage":"pt-BR"},{"@type":"Organization","@id":"https:\/\/bellacasaconstrutora.com.br\/novo\/#organization","name":"Bella Casa Construtora","url":"https:\/\/bellacasaconstrutora.com.br\/novo\/","logo":{"@type":"ImageObject","inLanguage":"pt-BR","@id":"https:\/\/bellacasaconstrutora.com.br\/novo\/#\/schema\/logo\/image\/","url":"https:\/\/bellacasaconstrutora.com.br\/novo\/wp-content\/uploads\/2019\/05\/cropped-logo-header.png","contentUrl":"https:\/\/bellacasaconstrutora.com.br\/novo\/wp-content\/uploads\/2019\/05\/cropped-logo-header.png","width":190,"height":126,"caption":"Bella Casa Construtora"},"image":{"@id":"https:\/\/bellacasaconstrutora.com.br\/novo\/#\/schema\/logo\/image\/"},"sameAs":["https:\/\/www.facebook.com\/construtorabellacasa","https:\/\/www.instagram.com\/bellacasaconstrutora\/"]}]}},"_links":{"self":[{"href":"https:\/\/bellacasaconstrutora.com.br\/novo\/index.php\/wp-json\/wp\/v2\/pages\/23","targetHints":{"allow":["GET"]}}],"collection":[{"href":"https:\/\/bellacasaconstrutora.com.br\/novo\/index.php\/wp-json\/wp\/v2\/pages"}],"about":[{"href":"https:\/\/bellacasaconstrutora.com.br\/novo\/index.php\/wp-json\/wp\/v2\/types\/page"}],"author":[{"embeddable":true,"href":"https:\/\/bellacasaconstrutora.com.br\/novo\/index.php\/wp-json\/wp\/v2\/users\/1"}],"replies":[{"embeddable":true,"href":"https:\/\/bellacasaconstrutora.com.br\/novo\/index.php\/wp-json\/wp\/v2\/comments?post=23"}],"version-history":[{"count":20,"href":"https:\/\/bellacasaconstrutora.com.br\/novo\/index.php\/wp-json\/wp\/v2\/pages\/23\/revisions"}],"predecessor-version":[{"id":956,"href":"https:\/\/bellacasaconstrutora.com.br\/novo\/index.php\/wp-json\/wp\/v2\/pages\/23\/revisions\/956"}],"wp:attachment":[{"href":"https:\/\/bellacasaconstrutora.com.br\/novo\/index.php\/wp-json\/wp\/v2\/media?parent=23"}],"curies":[{"name":"wp","href":"https:\/\/api.w.org\/{rel}","templated":true}]}}